the greatest common factor of m and 26.
13
Let m = -359 - -782. What is the highest common divisor of m and 94?
47
Suppose -118 - 119 = -4*l - 5*t, 4*l + 3*t - 235 = 0. What is the greatest common factor of 29 and l?
29
Suppose 20*u = 25*u - 25. Suppose 5*s - 230 = -u*z, -2*s + 117 = -0*s - 3*z. Calculate the highest common factor of 34 and s.
17
Let r = -1354 + 2000. What is the highest common divisor of r and 68?
34
Suppose 3*w - 7 = -y, -4*y + 2*w - 3*w = -28. Let d be y/7*1*3. Suppose 5*c + 11 = -2*u + 36, -d*u = -4*c - 3. What is the highest common factor of c and 33?
3
Let m = 44 + -42. Suppose 5*r - 2*d - 68 = 3*r, 0 = -2*r - m*d + 84. Calculate the greatest common divisor of 57 and r.
19
Let p(t) = t**2 - t + 4. Let d be p(-5). Suppose 0 - 25 = -5*l, -c - 3*l + 117 = 0. Calculate the greatest common factor of d and c.
34
Suppose 0 = i - 10 + 9. Let a(u) = -3*u + 6. Let z be a(-6). Let d be (i - 1) + 0 + z. Calculate the greatest common divisor of 6 and d.
6
Let h(k) = -6*k**3 + 5*k**2 - 7*k + 12. Let d be h(3). Let o = -99 - d. Calculate the greatest common factor of 270 and o.
27
Suppose -x = x - 6. Suppose 0 = j, -k - x*j + j + 36 = 0. What is the highest common factor of k and 4?
4
Suppose -2*q - 2*q + 832 = 0. Calculate the highest common divisor of 16 and q.
16
Suppose 5*n - x = 2*n + 8, -3*x - 6 = 0. Suppose 3*u + 30 = y, n*y = -0*y - 3*u + 24. Calculate the greatest common divisor of y and 2.
2
Let s(p) = p**3 - 4*p**2 - 6*p - 8. Let d be s(6). Suppose 12*n - 76 - 68 = 0. Suppose 42 = -n*f + 15*f. What is the greatest common divisor of d and f?
14
Let i be (2 - 3)*(-1 + -2). Suppose -i*v - 3*m = -3, 0 = v - 4*m - 2 - 4. Suppose 0 = -v*f + 3*f - 36. What is the highest common divisor of 12 and f?
12
Let w = 40 + -38. Suppose w*b + y - 34 = 0, -67 = -5*b + y + y. Calculate the greatest common factor of 3 and b.
3
Let b(w) = 7*w**2 - w - 2. Suppose 3*a + 13 = 2*m, -a + 3*a + 6 = 0. Let k be b(m). Let v = 36 - k. Calculate the greatest common factor of v and 132.
12
Let t(r) = -96*r - 34. Let p be t(5). Let z be (-4)/6 - p*1/6. Calculate the highest common divisor of 17 and z.
17
Suppose 4*m - 3*p = 61, 4*p = 27 - 7. Let s = -23 + m. Let b = s - -64. Calculate the greatest common divisor of 20 and b.
20
Let p = 148 - -4. Let q = 183 + -180. Suppose -7*k - 4*d + p = -3*k, k - q*d = 30. What is the greatest common factor of k and 6?
6
Let j be ((-180)/108)/(-2 + (-69)/(-36)). What is the highest common factor of 180 and j?
20
Suppose -8*y = -3*y + 2*p - 37, y - 1 = -2*p. Calculate the greatest common divisor of 21 and y.
3
Let y be 0*2*1/(-2). Suppose y*t = t - 64. Calculate the highest common divisor of t and 8.
8
Let f = 1012 - 745. What is the greatest common factor of f and 9?
3
Let s = -560 - -554. Let v(j) = j**2 - 7*j - 2. Let d be v(5). Let r = s - d. Calculate the highest common factor of 6 and r.
6
Let k be (4 + -1)*(0 + 1). Let b be -17*(k + 12)/(-3). Calculate the greatest common factor of 17 and b.
17
Let a = -69 - -173. What is the greatest common factor of a and 676?
52
Suppose -u - 2*u - 5*t + 189 = 0, -3*u + 177 = t. Let k = u + -44. What is the greatest common divisor of 14 and k?
14
Suppose 0 = 6*y + 7 - 85. Calculate the greatest common factor of 169 and y.
13
Suppose -6*d + 723 + 603 = 0. Calculate the greatest common divisor of d and 34.
17
Let w(y) = -y**2 - y + 28. Let g be w(0). Let k be 7/g + 102/8. Let n be (-3)/(3 + (-42)/k). What is the highest common factor of 13 and n?
13
Let l = -23 - -25. Let i = -15 - -26. Let k be i + (l + -1)/1. What is the highest common factor of k and 30?
6
Suppose -5*g = -20, -2*o + 2*g + 2328 = -g. Calculate the greatest common divisor of o and 90.
90
Let l = 518 + -133. Let k(u) = -18*u - 1. Let h be k(-2). What is the greatest common divisor of l and h?
35
Suppose -2*x + 6*n - 7*n + 26 = 0, -4*x - 5*n + 52 = 0. Calculate the greatest common divisor of 91 and x.
13
Let g be -13 - (9 + -20 - 898). Calculate the highest common factor of 384 and g.
128
Suppose 0*o + 3*o = 9. Suppose -o*d = -d - 130. Let g(j) = 14*j**3 - j. Let u be g(1). What is the highest common factor of u and d?
13
Suppose -1152 = -7*v + 3*v. Let x(h) = 59*h + 150. Let j be x(-2). Calculate the greatest common divisor of v and j.
32
Let k(f) = -2*f**3 + 44*f**2 + 49*f - 37. Let v be k(23). Let t be (-240)/(2 + 1)*-2. Calculate the greatest common factor of t and v.
32
Let o = -38 + 34. Let z be 7160/55 - o/(-22). What is the greatest common factor of z and 10?
10
Let f = 33 - 31. Let b(q) = q + 1. Let l be b(f). Suppose 5*j + 20 = -l*h + 3, 5*j + 16 = -4*h. Calculate the greatest common divisor of 11 and h.
1
Suppose -96*u = -77*u - 570. Calculate the greatest common factor of u and 540.
30
Let o(s) = s**2 - 3*s + 6. Let t be o(-4). Suppose 2*k = k + 5*i - 9, 2*k - t = -3*i. Calculate the greatest common divisor of 11 and k.
11
Let w = -768 + 240. Let b be (-1)/3 - w/72. What is the greatest common divisor of b and 77?
7
Let s = 24 - 63. Let v be (1 - s/(-33)) + 513/99. What is the highest common divisor of v and 25?
5
Let i(v) be the first derivative of -33*v**4/2 - v**3/3 - v**2 - v - 11. Let f be i(-1). What is the greatest common divisor of f and 11?
11
Suppose 4860 = -83*r + 92*r. Calculate the greatest common divisor of r and 24.
12
Let i(m) be the third derivative of -5*m**4/24 + 17*m**3/6 - 2*m**2. Let c be i(-5). Calculate the highest common factor of c and 6.
6
Let t = 5 - -3. Let n be 76/5*(-45)/(-18). Suppose 0 = -2*v - 22 + n. Calculate the highest common factor of v and t.
8
Let k = -131 + 158. Suppose -8*r - r + 972 = 0. What is the greatest common factor of k and r?
27
Suppose -5*i = s + 113, -3*s - s = 12. Let m be (-20)/55*-170 + (-4)/i. What is the greatest common factor of 248 and m?
62
Suppose 3*r - 319 = z, -5*r - 8*z + 560 = -4*z. Let i = 3 - -3. Suppose i*l - l - 135 = 0. Calculate the greatest common factor of l and r.
27
Suppose -74*c = -79*c + 330. What is the highest common divisor of c and 18?
6
Suppose 0 = -555*p + 547*p + 48. Calculate the highest common divisor of p and 381.
3
Let m = 88 - 87. Let v be (-44)/(-33) - ((-4)/(-6))/2. What is the highest common divisor of m and v?
1
Let s be (28/(-5))/((-1431)/285 + 5). What is the highest common divisor of 98 and s?
14
Let r(i) = i**2 - 24*i + 3. Let c be r(25). What is the highest common divisor of c and 35?
7
Let u = -38 - -32. Let c be (-1)/u + 164/24. What is the highest common divisor of 7 and c?
7
Let v be -3 + (4 - (-15)/5). Suppose 4*y + v*u - 148 = 0, -y + 5*u + 19 = -36. Calculate the highest common factor of 16 and y.
8
Let y(f) be the first derivative of f**2/2 + 14*f - 1. Suppose j = 5*p - 20, 3*j - 3*p = -27 + 3. Let g be y(j). What is the highest common divisor of g and 63?
9
Suppose 14*d + 65 = 19*d. Suppose 21*j - d*j - 1296 = 0. Suppose -22 - 14 = -2*i. What is the highest common divisor of i and j?
18
Suppose 246 = n + 4*n - c, 4*c = -4*n + 216. Suppose 8*r - 7*r - n = 0. Suppose 5*q - r = 10. Calculate the greatest common factor of 4 and q.
4
Let m = -383 + 387. What is the greatest common divisor of m and 44?
4
Let c = 28 + -30. Let g be (35/42)/(c/(-12)). Calculate the highest common factor of g and 20.
5
Let i be (-2)/(-23) - (23760/(-253) + 14). What is the highest common divisor of 35 and i?
5
Let u(g) = -4*g + 53. Let v be u(9). What is the highest common factor of v and 153?
17
Suppose 7*h - 4*h + 243 = 0. Let c = h + 143. Calculate the highest common divisor of c and 155.
31
Let z(i) = i**3 + 4*i**2 + 3*i. Let w be z(-2). Suppose 11*s - 216 = w*s. What is the greatest common divisor of s and 168?
24
Suppose -y = -6*y + 40. Let i be ((-16)/(-10))/(7/((-70)/(-4))). Suppose -3*r - 5 = i*n, -4*r - 5 = n - 2*r. What is the greatest common divisor of y and n?
1
Let b = 41 + -24. Suppose 747 = -4*k + 43. Let u = k - -329. What is the highest common divisor of u and b?
17
Suppose 0 = -2*z - 3*i - 103, 0 = 4*z + 4*i + 59 + 157. Let t = -32 - z. Calculate the greatest common factor of 108 and t.
27
Let a = 262 - 198. What is the highest common divisor of a and 16?
16
Suppose 2*b = 92 + 1030. Suppose -521 = -12*f + 91. What is the greatest common factor of b and f?
51
Suppose f + f + 28 = 0. Let a be (f/(-4))